ousands digit of 136290?
3
What is the units digit of 3650867?
7
What is the hundreds digit of 123013?
0
What is the ten thousands digit of 4244589?
4
What is the hundreds digit of 291300?
3
What is the millions digit of 3408803?
3
What is the millions digit of 3514870?
3
What is the hundreds digit of 1896926?
9
What is the hundreds digit of 295858?
8
What is the hundreds digit of 373296?
2
What is the hundreds digit of 159846?
8
What is the units digit of 7779768?
8
What is the units digit of 8582962?
2
What is the thousands digit of 1333125?
3
What is the units digit of 2638078?
8
What is the units digit of 366678?
8
What is the hundreds digit of 929064?
0
What is the millions digit of 1060449?
1
What is the thousands digit of 1940419?
0
What is the ten millions digit of 13361324?
1
What is the units digit of 5787396?
6
What is the millions digit of 2863884?
2
What is the hundreds digit of 1131151?
1
What is the millions digit of 43324366?
3
What is the thousands digit of 263773?
3
What is the hundreds digit of 57650?
6
What is the hundred thousands digit of 1896710?
8
What is the hundreds digit of 116479?
4
What is the units digit of 910708?
8
What is the thousands digit of 157707?
7
What is the tens digit of 6881578?
7
What is the millions digit of 7628946?
7
What is the hundreds digit of 1933269?
2
What is the tens digit of 2115565?
6
What is the thousands digit of 2655149?
5
What is the units digit of 155768?
8
What is the units digit of 150153?
3
What is the hundred thousands digit of 2415758?
4
What is the ten thousands digit of 146576?
4
What is the hundreds digit of 3045079?
0
What is the millions digit of 3043939?
3
What is the units digit of 252414?
4
What is the thousands digit of 144912?
4
What is the tens digit of 4279324?
2
What is the units digit of 16088806?
6
What is the units digit of 9429944?
4
What is the tens digit of 41810205?
0
What is the thousands digit of 39615?
9
What is the ten thousands digit of 1193182?
9
What is the tens digit of 240935?
3
What is the thousands digit of 519458?
9
What is the hundred thousands digit of 211533?
2
What is the thousands digit of 567390?
7
What is the tens digit of 932172?
7
What is the hundreds digit of 68551?
5
What is the millions digit of 3229617?
3
What is the units digit of 276618?
8
What is the tens digit of 788749?
4
What is the tens digit of 3558617?
1
What is the thousands digit of 10269642?
9
What is the hundreds digit of 388686?
6
What is the thousands digit of 360423?
0
What is the hundreds digit of 675879?
8
What is the tens digit of 225322?
2
What is the hundreds digit of 6494851?
8
What is the hundred thousands digit of 11658552?
6
What is the hundreds digit of 3674463?
4
What is the units digit of 1726191?
1
What is the millions digit of 1376386?
1
What is the hundreds digit of 225470?
4
What is the thousands digit of 24391008?
1
What is the tens digit of 6022?
2
What is the thousands digit of 524691?
4
What is the thousands digit of 4043263?
3
What is the hundreds digit of 80015?
0
What is the ten thousands digit of 3204518?
0
What is the hundreds digit of 7555123?
1
What is the ten thousands digit of 2976096?
7
What is the units digit of 1970198?
8
What is the hundreds digit of 2461536?
5
What is the thousands digit of 6697113?
7
What is the units digit of 1377820?
0
What is the ten thousands digit of 35449?
3
What is the hundred thousands digit of 292835?
2
What is the thousands digit of 161584?
1
What is the hundred thousands digit of 17479285?
4
What is the thousands digit of 517479?
7
What is the ten thousands digit of 11353806?
5
What is the units digit of 7697051?
1
What is the thousands digit of 7644205?
4
What is the millions digit of 1905412?
1
What is the units digit of 853409?
9
What is the hundreds digit of 1469055?
0
What is the tens digit of 366762?
6
What is the hundreds digit of 74933?
9
What is the units digit of 24328242?
2
What is the hundreds digit of 119493?
4
What is the hundred thousands digit of 1675923?
6
What is the hundreds digit of 11971443?
4
What is the hundred thousands digit of 299424?
2
What is the hundreds digit of 1717461?
4
What is the hundreds digit of 3298331?
3
What is the thousands digit of 125874?
5
What is the ten thousands digit of 150213?
5
What is the ten thousands digit of 33662384?
6
What is the hundreds digit of 487781?
7
What is the units digit of 9916723?
3
What is the ten thousands digit of 3328691?
2
What is the tens digit of 239619?
1
What is the tens digit of 4356572?
7
What is the tens digit of 1301663?
6
What is the ten thousands digit of 25975275?
7
What is the thousands digit of 28943?
8
What is the units digit of 232536?
6
What is the hundreds digit of 951807?
8
What is the units digit of 186709?
9
What is the ten thousands digit of 7558968?
5
What is the hundreds digit of 694171?
1
What is the hundreds digit of 160947?
9
What is the tens digit of 1358620?
2
What is the tens digit of 22135713?
1
What is the ten thousands digit of 2372726?
7
What is the millions digit of 1271483?
1
What is the millions digit of 19395724?
9
What is the units digit of 996877?
7
What is the hundreds digit of 350695?
6
What is the tens digit of 204016?
1
What is the hundreds digit of 4681597?
5
What is the hundreds digit of 408307?
3
What is the ten thousands digit of 24184574?
8
What is the thousands digit of 6701235?
1
What is the ten thousands digit of 548438?
4
What is the ten thousands digit of 286464?
8
What is the millions digit of 4020410?
4
What is the millions digit of 6528667?
6
What is the hundreds digit of 25749480?
4
What is the hundreds digit of 2046721?
7
What is the units digit of 7474761?
1
What is the hundreds digit of 437833?
8
What is the hundreds digit of 2769136?
1
What is the units digit of 13961345?
5
What is the hundred thousands digit of 108667?
1
What is the hundred thousands digit of 179515?
1
What is the millions digit of 1003182?
1
What is the tens digit of 10394?
9
What is the units digit of 1361818?
8
What is the hundreds digit of 4431590?
5
What is the ten millions digit of 42422566?
4
What is the hundreds digit of 140586?
5
What is the hundreds digit of 4496887?
8
What is the units digit of 2210441?
1
What is the units digit of 136462?
2
What is the ten thousands digit of 479654?
7
What is the tens digit of 2052188?
8
What is the thousands digit of 6963495?
3
What is the hundred thousands digit of 1789272?
7
What is the units digit of 125183?
3
What is the tens digit of 121745?
4
What is the hundred thousands digit of 2227059?
2
What is the hundred thousands digit of 525873?
5
What is the thousands digit of 19769346?
9
What is the thousands digit of 155099?
5
What is the units digit of 3794233?
3
What is the ten thousands digit of 636500?
3
What is the ten thousands digit of 3421980?
2
What is the units digit of 2694654?
4
What is the hundreds digit of 270360?
3
What is the thousands digit of 29849716?
9
What is the hundred thousands digit of 871140?
8
What is the thousands digit of 703657?
3
What is the units digit of 13622?
2
What is the thousands digit of 257208?
7
What is the hundred thousands digit of 4766595?
7
What is the tens digit of 18485373?
7
What is the units digit of 80675?
5
What is the units digit of 90535?
5
What is the thousands digit of 861207?
1
What is the units digit of 998436?
6
What is the hundred thousands digit of 394261?
3
What is the units digit of 106361?
1
What is the units digit of 349491?
1
What is the hundreds digit of 253890?
8
What is the hundred thousands digit of 609057?
6
What is the thousands digit of 689258?
9
What is the hundreds digit of 4693829?
8
What is the ten thousands digit of 536310?
3
What is the thousands digit of 561958?
1
What is the units digit of 295983?
3
What is the ten thousands digit of 1266536?
6
What is the tens digit of 24504949?
4
What is the ten thousands digit of 1715296?
1
What is the units digit of 10576137?
7
What is the thousands digit of 340843?
0
What is the thousands digit of 232259?
2
What is the ten thousands digit of 52731?
5
What is the hundred thousands digit of 12196400?
1
What is the ten thousands digit of 757290?
5
What is the millions digit of 2955746?
2
What is the ten thousands digit of 394792?
9
What is th